tors of 39010.
2, 5, 47, 83
What are the prime factors of 105556?
2, 11, 2399
List the prime factors of 919953.
3, 102217
What are the prime factors of 37558495?
5, 13, 139, 4157
List the prime factors of 545175.
3, 5, 2423
What are the prime factors of 2578941?
3, 29, 41, 241
What are the prime factors of 194661?
3, 43, 503
What are the prime factors of 4801654?
2, 11, 13, 103, 163
List the prime factors of 61168.
2, 3823
What are the prime factors of 157122?
2, 3, 7, 29, 43
List the prime factors of 86806.
2, 43403
What are the prime factors of 19579406?
2, 7, 11, 127139
List the prime factors of 1756800.
2, 3, 5, 61
What are the prime factors of 6759417?
3, 7, 109, 2953
List the prime factors of 9348070.
2, 5, 79, 11833
List the prime factors of 36516.
2, 3, 17, 179
What are the prime factors of 261913?
43, 6091
List the prime factors of 437953.
437953
What are the prime factors of 117219?
3, 41, 953
What are the prime factors of 157881?
3, 52627
What are the prime factors of 3998113?
7, 19, 23, 1307
What are the prime factors of 2034955?
5, 13, 31307
What are the prime factors of 3604765?
5, 17, 42409
List the prime factors of 182762.
2, 91381
List the prime factors of 1242766.
2, 7, 29, 3061
List the prime factors of 315523.
13, 1867
List the prime factors of 148387.
148387
What are the prime factors of 953087?
211, 4517
List the prime factors of 12513832.
2, 31, 50459
List the prime factors of 102356.
2, 25589
List the prime factors of 31152825.
3, 5, 11, 41, 307
List the prime factors of 56450.
2, 5, 1129
What are the prime factors of 108223?
108223
What are the prime factors of 717564?
2, 3, 59797
What are the prime factors of 13108509?
3, 1456501
List the prime factors of 61155.
3, 5, 151
What are the prime factors of 3437174?
2, 13, 132199
What are the prime factors of 1822197?
3, 13, 46723
List the prime factors of 519966.
2, 3, 9629
List the prime factors of 1573618.
2, 19, 41411
List the prime factors of 20472365.
5, 83, 49331
List the prime factors of 517636.
2, 7, 19, 139
List the prime factors of 194917.
194917
List the prime factors of 279581.
79, 3539
What are the prime factors of 555497?
67, 8291
What are the prime factors of 5778696?
2, 3, 7, 11, 53, 59
What are the prime factors of 1529478?
2, 3, 31, 2741
What are the prime factors of 940844?
2, 235211
List the prime factors of 1102313.
1102313
List the prime factors of 1109100.
2, 3, 5, 3697
List the prime factors of 210935.
5, 42187
List the prime factors of 785922.
2, 3, 130987
What are the prime factors of 2840398?
2, 11, 41, 47, 67
List the prime factors of 6789156.
2, 3, 11, 19, 2707
What are the prime factors of 2760980?
2, 5, 127, 1087
List the prime factors of 2638019.
101, 26119
List the prime factors of 197428.
2, 7, 11, 641
List the prime factors of 7023709.
7, 11, 83, 157
List the prime factors of 6345246.
2, 3, 1057541
What are the prime factors of 289942?
2, 29, 4999
List the prime factors of 849986.
2, 113, 3761
What are the prime factors of 183919?
183919
List the prime factors of 2609080.
2, 5, 19, 3433
What are the prime factors of 163591?
17, 9623
What are the prime factors of 9721735?
5, 173, 11239
What are the prime factors of 875959?
7, 17, 433
What are the prime factors of 30773?
30773
What are the prime factors of 606567?
3, 13, 103, 151
List the prime factors of 278472.
2, 3, 41, 283
What are the prime factors of 19466445?
3, 5, 17, 97, 787
List the prime factors of 2889469.
11, 347, 757
What are the prime factors of 3290570?
2, 5, 127, 2591
What are the prime factors of 36260?
2, 5, 7, 37
What are the prime factors of 4583111?
13, 47, 577
List the prime factors of 88954.
2, 79, 563
What are the prime factors of 13041?
3, 7, 23
What are the prime factors of 141132?
2, 3, 19, 619
What are the prime factors of 1898142?
2, 3, 47, 53, 127
List the prime factors of 202869.
3, 22541
List the prime factors of 6084706.
2, 3042353
What are the prime factors of 5127305?
5, 787, 1303
What are the prime factors of 84600?
2, 3, 5, 47
What are the prime factors of 642267?
3, 71363
What are the prime factors of 653230?
2, 5, 65323
What are the prime factors of 17962406?
2, 7, 11, 116639
List the prime factors of 5251676.
2, 19, 43, 1607
List the prime factors of 7899095.
5, 1579819
List the prime factors of 105164.
2, 61, 431
What are the prime factors of 2262944?
2, 70717
List the prime factors of 84207.
3, 28069
What are the prime factors of 1529895?
3, 5, 29, 3517
What are the prime factors of 172737?
3, 17, 1129
List the prime factors of 1188237.
3, 396079
What are the prime factors of 13641165?
3, 5, 29, 10453
List the prime factors of 303411.
3, 19, 5323
List the prime factors of 11717731.
331, 35401
List the prime factors of 2895794.
2, 11, 131627
List the prime factors of 2554052.
2, 191, 3343
What are the prime factors of 25690903?
7, 1609, 2281
List the prime factors of 1239827.
17, 72931
What are the prime factors of 3759575?
5, 150383
List the prime factors of 453027.
3, 151009
What are the prime factors of 652974?
2, 3, 7, 2221
What are the prime factors of 4449464?
2, 83, 6701
List the prime factors of 2217317.
2217317
List the prime factors of 410039.
7, 19, 3083
List the prime factors of 2145480.
2, 3, 5, 19, 941
List the prime factors of 996009.
3, 7, 43, 1103
List the prime factors of 521062.
2, 61, 4271
What are the prime factors of 1870285?
5, 43, 8699
What are the prime factors of 34216646?
2, 17108323
What are the prime factors of 429413?
429413
What are the prime factors of 17740053?
3, 19, 11527
What are the prime factors of 471431?
23, 103, 199
What are the prime factors of 607037?
607037
What are the prime factors of 169914?
2, 3, 28319
What are the prime factors of 13438265?
5, 2687653
What are the prime factors of 5284524?
2, 3, 7, 53, 1187
List the prime factors of 215386.
2, 107693
What are the prime factors of 347414?
2, 173707
List the prime factors of 3126310.
2, 5, 11, 97, 293
What are the prime factors of 92251?
92251
List the prime factors of 3939145.
5, 7, 241, 467
List the prime factors of 23042.
2, 41, 281
List the prime factors of 1206931.
11, 109721
What are the prime factors of 7420551?
3, 17, 145501
List the prime factors of 3722895.
3, 5, 11, 23, 109
List the prime factors of 23895.
3, 5, 59
What are the prime factors of 142559?
142559
What are the prime factors of 522406?
2, 29, 9007
List the prime factors of 13185366.
2, 3, 2197561
What are the prime factors of 915989?
641, 1429
What are the prime factors of 32269836?
2, 3, 1291, 2083
What are the prime factors of 457368?
2, 3, 17, 19, 59
List the prime factors of 6990103.
911, 7673
List the prime factors of 7517402.
2, 3758701
List the prime factors of 7950804.
2, 3, 662567
List the prime factors of 18096.
2, 3, 13, 29
What are the prime factors of 329685?
3, 5, 31, 709
List the prime factors of 1275081.
3, 425027
List the prime factors of 386210.
2, 5, 11, 3511
What are the prime factors of 13674600?
2, 3, 5, 71, 107
What are the prime factors of 191386?
2, 13, 17, 433
List the prime factors of 124724.
2, 31181
List the prime factors of 1151.
1151
What are the prime factors of 54368?
2, 1699
What are the prime factors of 2332453?
23, 101411
What are the prime factors of 1008808?
2, 47, 2683
What are the prime factors of 783274?
2, 109, 3593
List the prime factors of 3496196.
2, 11, 181, 439
What are the prime factors of 33356136?
2, 3, 11, 126349
List the prime factors of 271025.
5, 37, 293
List the prime factors of 553242.
2, 3, 19, 23, 211
What are the prime factors of 365816?
2, 11, 4157
List the prime factors of 1951827.
3, 650609
List the prime factors of 257031.
3, 28559
What are the prime factors of 1698922?
2, 849461
What are the prime factors of 16562041?
16562041
What are the prime factors of 5729715?
3, 5, 157, 811
List the prime factors of 174307.
7, 37, 673
List the prime factors of 211989.
3, 70663
What are the prime factors of 14291281?
1181, 12101
What are the prime factors of 988412?
2, 109, 2267
List the prime factors of 9167542.
2, 4583771
What are the prime factors of 474036?
2, 3, 39503
What are the prime factors of 10226699?
7, 1460957
List the prime factors of 8026909.
11, 729719
What are the prime factors of 17320858?
2, 17, 619, 823
Wh